the remainder when s(9) is divided by 8.
7
Suppose -5*m = -2*p - 13, 4*p = -0*m - 2*m + 34. Calculate the remainder when 29 is divided by p.
5
Let z(s) = s + 6. Let u = -19 + 13. Let n be z(u). Suppose -t + n*t + 45 = 0. Calculate the remainder when t is divided by 12.
9
Let z = -24 - -40. Suppose -3*b - 5*j + 6*j + z = 0, 2*b + j = 14. Calculate the remainder when 22 is divided by b.
4
Suppose 10 = 3*a + 2*a. Calculate the remainder when 4/a + -3 - -24 is divided by 12.
11
Suppose 0 = y + 25 - 10. Let a = -34 + 58. Let k = y + a. What is the remainder when k is divided by 5?
4
Let u be (-2)/(-2) + -1 - 0. Suppose u*w - 32 = -2*w. Calculate the remainder when 93/(10/4 + -1) is divided by w.
14
Suppose 2*p = -b + 12, 5*b + 0*b = 0. What is the remainder when p is divided by 4?
2
Let k = -3 + 6. Let t = k + 0. Suppose 3*p - 13 - 11 = 3*x, 0 = -t*p - 2*x - 1. What is the remainder when 5 is divided by p?
2
Let t = 100 + 127. What is the remainder when t is divided by 38?
37
Suppose -m = h - 83, -3*m + 2*h - h = -229. Calculate the remainder when m is divided by 16.
14
Suppose -11*c + 558 = 7*c. What is the remainder when c is divided by 19?
12
Suppose 0 = q + 81 - 90. Suppose -69 = -2*b + a - 2, 2*b - 3*a = 65. What is the remainder when b is divided by q?
7
Let q = -10 + 11. Calculate the remainder when 1 is divided by q.
0
Let d(h) = 18*h + 13. What is the remainder when d(10) is divided by 66?
61
Suppose -17*d - 28 = -21*d. What is the remainder when 27 is divided by d?
6
Let p = 51 - 25. Let t = 37 - 23. What is the remainder when p is divided by t?
12
Calculate the remainder when (-3)/(-3) - -43 - 3 is divided by 15.
11
Suppose 0 = 2*b - 16 - 18. Let r = -14 + b. Suppose 1 + 6 = i. What is the remainder when i is divided by r?
1
Let w be ((-10)/8)/((-4)/16). Suppose 2*d = -2*m, -2*m + 4*d - 1 - w = 0. Calculate the remainder when 1/(m/(-14)*2) is divided by 5.
2
Suppose 3*u - 73 - 92 = 0. Suppose -5*s + 61 = 2*d, -d - 3*s + u = d. What is the remainder when d is divided by 12?
11
Let f = -11 - -15. Let n(r) = -9*r**2 - r + 4. Let v be n(-2). What is the remainder when (-62)/(-6) - 20/v is divided by f?
3
Suppose -3*y - 10 = 2*y. Suppose 4*l + 3 = 115. Calculate the remainder when l is divided by (2 - 17)/(3/y).
8
Let z(w) be the second derivative of w**3/3 - 3*w**2 - w. Suppose 4*f - 4*p - 28 = 0, 4*f + 5*p = 35 - 7. Calculate the remainder when z(f) is divided by 5.
3
Let h(q) = -5*q + 1. Let t = 39 + -21. Suppose k = -2*k - t. What is the remainder when h(k) is divided by 16?
15
Let g = -27 - -30. Suppose i + 26 = g*i. Calculate the remainder when i is divided by 8.
5
Let n = 27 + -15. Calculate the remainder when n is divided by 5.
2
Suppose -2*l = -4*j + 15 - 35, 4*l = 2*j + 70. What is the remainder when 137 is divided by l?
17
Let s(y) = y**3 + 8*y**2 + 7*y + 6. Calculate the remainder when 29 is divided by s(-7).
5
Suppose 8 + 2 = 3*k - 2*a, 5*k + 3*a = 23. Suppose -k*r = 5*v - 41, -11 - 8 = -2*v + r. Let z = 48 + -31. What is the remainder when z is divided by v?
8
Suppose -20 = -5*p - c + 28, 4*p = -3*c + 34. Suppose -6*i + 7*i - 29 = 0. Calculate the remainder when i is divided by p.
9
Let s(m) be the third derivative of 17*m**4/24 - 2*m**3/3 - 5*m**2. Suppose c + 4*c = -5*o + 65, -4*c + 61 = o. What is the remainder when s(3) is divided by c?
15
Suppose -92 - 76 = -4*t. Suppose -j + 4*c + t = 0, 0*j - 2*c - 106 = -3*j. Calculate the remainder when j is divided by 18.
16
Suppose -5*l + 3*l = 4. Calculate the remainder when 49 is divided by (1 - 0)/(l/(-26)).
10
Let i = 16 - 3. Let t = 166 - 141. Calculate the remainder when t is divided by i.
12
Suppose 3 = 4*c - 37. What is the remainder when 28 is divided by c?
8
Let j be -1 + (-1 - -1) + 1. Let z be j/(2 + (-1 - -1)). Suppose z = -l - 4*l + 145. Calculate the remainder when l is divided by 10.
9
Let v = -9 + 9. Suppose v = l + 3*l - 40. Calculate the remainder when 29 is divided by l.
9
Calculate the remainder when 6 is divided by 3*3 - (9 + -6).
0
Suppose 3*k - 21 = -0. Let g(c) = -2*c**2 - 11*c - 3. What is the remainder when k is divided by g(-5)?
1
Let f(a) = a**3 - 12*a**2 - 10*a - 30. What is the remainder when 27 is divided by f(13)?
0
Suppose -38 + 8 = -2*i. Calculate the remainder when 44 is divided by i.
14
Suppose 7*c = 4*c + 120. What is the remainder when c is divided by 14?
12
Suppose 2*x - 26 = 2*c, c + 1 + 0 = 0. Let y = x - -2. Let w = 1 + y. What is the remainder when w is divided by 8?
7
Let q(m) = 2*m + 3. Calculate the remainder when 37 is divided by q(5).
11
Suppose -q = -4*c - 44, 4*q + 7*c = 4*c + 138. Suppose q + 72 = 6*x. What is the remainder when x is divided by 11?
7
Let m(l) = l**3 - 2*l**2 - 4*l + 6. Let o be m(4). Suppose 4*c - o = 50. Calculate the remainder when 34 is divided by c.
16
Let x = -34 - -66. Suppose 95 - x = -p. Calculate the remainder when 38 is divided by 2/5 + p/(-5).
12
Let q(m) = 2*m + 11. What is the remainder when 182 is divided by q(13)?
34
Suppose 0 = -4*x - 3*j - 0 + 77, -72 = -4*x - 4*j. What is the remainder when x is divided by 9?
5
Let h(q) = q**2 - q + 1. Calculate the remainder when 21 is divided by h(3).
0
Let d be (0 + 1)*(0 - -3). Suppose d*h - 115 - 104 = 3*i, 297 = 4*h - 3*i. Calculate the remainder when h is divided by 16.
14
Let d = 102 - 56. Let n = 99 - d. What is the remainder when n is divided by 18?
17
Let t = -6 + 8. Let w be (-14)/(-21)*(-15)/t. Let m = w + 7. What is the remainder when m is divided by 1?
0
Suppose -3*r = -2*r - 10. Let q(j) = -j**3 + 10*j**2 + 6. Suppose -17 = 2*h + 5*n - 39, -h + 11 = 5*n. What is the remainder when h is divided by q(r)?
5
Let l(m) = -m - 5. Let z be l(-4). What is the remainder when 4 is divided by -2 + 3 + z + 3?
1
Let z(i) = -17*i - 8. Let x be z(-4). Suppose 0 = -f + x + 5. What is the remainder when f is divided by 22?
21
Suppose 10*i + 7 = r + 5*i, -2*r + 4*i + 14 = 0. Let q(s) = -s + 2. Let o be q(6). Calculate the remainder when r is divided by 44/10 - o/(-10).
3
Let s(l) = -4*l + 6 + l + 2*l. Let n be s(7). Calculate the remainder when 56 is divided by n/(-1*1/19).
18
Let c(l) = l**2 - 17*l - 2. Let w be 2/3 - 4/6. Suppose w = 4*v - v - 138. Calculate the remainder when v is divided by c(18).
14
Suppose s - 15 = -2. Suppose -4*l - 40 = 5*m, 0 = -0*m + m + l + 9. Let r = m - -9. Calculate the remainder when s is divided by r.
3
Suppose 44 = 3*o - 73. Calculate the remainder when o is divided by 10.
9
Let h = 86 + -52. Calculate the remainder when h is divided by 5.
4
Let j = -16 + 26. Let p = -4 + 6. What is the remainder when p/5 - 276/(-10) is divided by j?
8
Suppose 0*f + 3*f - 30 = 0. Calculate the remainder when 16 is divided by f.
6
Suppose 7*u + 76 = 9*u. Calculate the remainder when u is divided by 13.
12
Let q(f) = 5*f - 11. Let w(l) = 5*l - 11. Let o(j) = 4*q(j) - 3*w(j). What is the remainder when 26 is divided by o(4)?
8
Let t be (312/(-9))/((-5)/(-15)). Let p = t + 159. What is the remainder when p is divided by 28?
27
Let d = -12 + 15. Suppose 4*t + 110 = 3*o, -4*o = -d*t + 6*t - 180. What is the remainder when o is divided by 22?
20
Let i(g) = -2*g. Let s be (4*2/4)/1. What is the remainder when i(-4) is divided by 4*((-15)/12 + s)?
2
Let d(l) = 3*l - 4. Let m be d(3). Calculate the remainder when (-1605)/(-75) - 2/m is divided by 11.
10
Let x = 1 - 24. Let l = x + 48. Suppose 28*q - 65 = 23*q. Calculate the remainder when l is divided by q.
12
Let n(t) = -t + 38. Calculate the remainder when n(0) is divided by 13.
12
Let g(p) = -2*p + 7. Let s = -20 - -16. Calculate the remainder when g(s) is divided by 4.
3
Suppose 225 + 15 = 5*a. Suppose -5*t + 32 = -a. What is the remainder when 62 is divided by t?
14
Suppose -14 = 2*o - 4*h, -2*o + h = -3*o + 8. Suppose -c = -b + 23, -12 = 5*b - o*c - 121. What is the remainder when -2 + 40 - (0 + -1) is divided by b?
19
Suppose -5*s = -19 - 6. Let t be (-202)/(-8) + (-2)/8. Let a = t - 16. Calculate the remainder when a is divided by s.
4
Suppose 4*r + 3*d = 48, -3*r - d = -5*r + 34. Let f(k) = 7*k + 1. What is the remainder when f(6) is divided by r?
13
Let p = -49 + 90. Calculate the remainder when p is divided by 11.
8
Let f(l) = l**3 - 2*l + 82. Let k be f(0). Suppose 0*d = 2*s + 2*d - k, 3*d = 15.